+ i. What is the tens digit of s?
2
Let z(o) = o**3 - 6*o**2 - 9*o + 9. Let n be z(7). Let k = n + 5. Suppose -3*p + b + 28 = k, -2*p + 4*p = -5*b + 13. What is the units digit of p?
9
Let w(l) = -2*l**2 - 21*l + 5. What is the tens digit of w(-9)?
3
Let w(t) be the third derivative of -t**5/60 + 11*t**3/6 + t**2. Suppose -30*k = -27*k. What is the units digit of w(k)?
1
Suppose 4*f = l + 33, f - 6*f + 2*l = -45. Suppose 3*j - f = 14. What is the units digit of j?
7
Suppose -v + 11 = 4*a, 3*a - 3*v - v - 32 = 0. Let o = a - -7. What is the units digit of o?
1
Let p be 45/(-10)*(-8)/6. Let h = p - 0. What is the units digit of h?
6
Let n be 2/(-9) + (-1668)/27. Let q = 94 + n. Suppose -4 = 4*d - q. What is the units digit of d?
7
What is the units digit of 30/9*213/(-2)*-1?
5
Suppose 5*y - 29 = -244. Let g = y - -73. What is the units digit of g?
0
Let l(n) = -n + 0 + 2 + 0*n - 2*n. Let p be 5*2*3/(-15). What is the units digit of l(p)?
8
Let v be 65 - 4/(-1 - 1). Let f = -29 + v. What is the tens digit of f/3 - (-2)/6?
1
Let y = 1 - 1. Suppose x - 3*n - 23 = y, 5*n + 76 = 4*x + n. What is the tens digit of x?
1
Let u be 14/4 - 1/2. Let w be -84*2/((-18)/3). Suppose u*r = w + 17. What is the units digit of r?
5
Let o(s) = -5*s + 0*s + 6*s**2 + 4*s + 7 - s**3 - 2*s. What is the units digit of o(3)?
5
Suppose 5*d = 5, -4*c - 3*d + 195 = -4*d. What is the tens digit of c?
4
Let f(j) = 4*j - 2*j**3 + j**3 - 14*j - 10*j**2 + 5 + 0*j**3. What is the units digit of f(-9)?
4
Suppose -5*m = -3*m - 104. Suppose 3*g = 4*g, 5*j = -5*g + 15. Suppose j*i - m = -i. What is the tens digit of i?
1
Let b = 4 + -1. Suppose g - 12 = -b*g. Suppose -g*l - 15 = -6*l. What is the units digit of l?
5
Suppose z = -4*p - 4*z + 19, -4*z - 34 = -5*p. Suppose -p*f + 28 = -8*f. What is the units digit of (-4)/f + 164/14?
2
Let d = 6 + -9. Let o(r) = r**2 + 2*r + 2. Let p be o(d). Suppose 2*w = w + p. What is the units digit of w?
5
Let w = -16 - -11. What is the tens digit of (-159)/(-15) + (-2)/w?
1
Suppose -t + 5*l - 4 = 0, -24 = -2*t + l + 13. What is the units digit of t?
1
Suppose 2*w - 29 = s, s + 3 = 4*s. What is the units digit of w?
5
Let n = -21 + 23. What is the units digit of n?
2
Suppose -2*r = 70 - 594. Suppose r + 32 = 6*w. What is the units digit of w?
9
Let p(l) = -2*l**3 - 3*l**2 - 2*l - 4. Let y be p(-3). Let g = y - 49. Let u = g - -39. What is the tens digit of u?
1
Let a = 11 + -7. Let d = 4 + a. Suppose -d = 5*h - 28. What is the units digit of h?
4
Let k(q) = q**2 + 2*q. Let b be k(-2). Suppose b = 2*n + 12. Let s = -4 - n. What is the units digit of s?
2
Let l(r) = -4*r - 7. Let y(q) = -5*q - 6. Let t(s) = 3*l(s) - 2*y(s). Suppose -47 = 5*m - 12. What is the units digit of t(m)?
5
Let w(d) = -d**3 + 7*d**2 + 9*d - 3. Let s be w(8). Suppose s*k - 126 = g, -k + 0 = 4*g - 21. What is the tens digit of k?
2
Let u(l) = 5*l - 14. What is the tens digit of u(6)?
1
Suppose -49 = -3*h - i + 172, -4 = 4*i. What is the tens digit of h?
7
Suppose 0*q = -3*q + 381. What is the hundreds digit of q?
1
Suppose 0 = 4*c - 6 + 2. Let x be c + -1 + 1 - -10. Let y = x - 2. What is the units digit of y?
9
Suppose -2*h - 2*h = -416. What is the hundreds digit of h?
1
Let h = -9 - -13. Suppose -h*i - i + 45 = 0. What is the units digit of i?
9
Suppose 3*b - 3*f = -12, -5*f - 18 = 5*b + 12. Let s(n) = -14*n. Let m be s(1). Let p = b - m. What is the units digit of p?
9
Suppose 2*o = -0*o + 6. Suppose 0 = -o*a - 5*z + 17, -2*a = 2*z - 4 - 10. What is the units digit of a?
9
Suppose -3*m - 10 = -m, t - 5*m - 33 = 0. What is the tens digit of -4 - (4 + -4*t)?
2
Let n(o) = 67*o - 11. What is the units digit of n(3)?
0
Let s = -3 - -8. Let d(y) = y**2 - 11*y - 4. Let c(h) = -h**2 + 12*h + 4. Let g(k) = -6*c(k) - 7*d(k). What is the units digit of g(s)?
4
Let d(n) = n**3 - 4*n**2 + 3*n + 3. Let c = -2 - -5. Let j be d(c). Suppose 5*v - 2*a = 25, 0 = -4*v + 2*a - j*a + 33. What is the units digit of v?
7
Let i = 13 + -2. What is the tens digit of i?
1
Suppose -m - f - 20 = 4*f, -5*f = 20. Suppose 4*a + 3 - 71 = m. Let z = -12 + a. What is the units digit of z?
5
Suppose a + 72 = 2*a. What is the tens digit of a?
7
Let v be (-2)/(-11) - 106/(-22). Suppose -5*a + 10 = 0, -v*a + 3*a + 32 = r. What is the units digit of r?
8
Let u be 30/(-9)*(-15)/2. Suppose -u = -5*g + 5*r, -4*r + 8 = 4*g - 12. What is the units digit of g?
5
Let j(y) = 3*y**2 + 6*y - 5. Let i(r) = -13*r**2 - 24*r + 19. Let u(d) = -2*i(d) - 9*j(d). Let o be u(-7). Suppose a = -o*a + 9. What is the units digit of a?
9
Let g(r) = r**2 - 6*r - 6. Let l be g(6). Let p be 14/4 - l/4. Suppose -v - 35 = -5*n, -2*v = p*n - 0*v - 20. What is the units digit of n?
6
Suppose -110 = -r - r. What is the tens digit of r?
5
Let k = 2 - -1. Suppose -k*h - 2 + 74 = 0. What is the tens digit of h?
2
Let n(f) = -4*f - 12. Let k be n(-9). What is the tens digit of 388/13 - k/(-156)?
3
Let d = 29 - 3. Suppose 0*b + 2*b + 16 = 2*i, -3*i = -4*b - d. What is the units digit of i?
6
Suppose 4*w + 2*p - 10 = 14, 4*w + p = 22. Let i be -4 + (2 - 0) - -2. Suppose -k - 3 + i = -4*a, 0 = -a - 4*k + w. What is the units digit of a?
1
Let c(s) = -3*s**2 + 1. Let o be c(-1). Let l = o - -4. What is the units digit of -2 - (l - (2 - -5))?
3
Suppose -8 - 22 = -2*v - 2*b, v + 4*b - 18 = 0. What is the units digit of v?
4
Let w(p) = 4 + p - 6 - 3*p. Suppose 0 = j + 5. What is the units digit of w(j)?
8
Let j(t) = -4*t**3 - 7*t**2 - 7*t + 2. Let x(r) = -3*r**3 - 6*r**2 - 6*r + 2. Let s(a) = 4*j(a) - 5*x(a). What is the units digit of s(2)?
2
Suppose 0 = -4*g - 8, 5*h = g + 1 + 16. Suppose z - 3*c = -c - h, 0 = z + c - 9. What is the units digit of z?
5
Let v = 11 - 10. What is the units digit of v?
1
Let a = 92 - 33. What is the tens digit of a?
5
Suppose 0 = -4*w - 3*q - 13, -2*w = 3*w - 2*q + 45. Let n = w + 34. What is the units digit of n?
7
What is the units digit of 1 + 5/((-25)/(-755))?
2
Let t(i) be the second derivative of -i**4/4 + i**3/3 + i**2 + i. Let v be t(2). What is the units digit of v/(-4)*4/3?
2
Let m = -14 - -16. Let f be (6/(-4))/((-12)/(-16)). What is the tens digit of (12 - 0) + m + f?
1
Suppose -2*z - 4*j - 2 = -z, -4 = -3*z - 2*j. Suppose -t + 189 = z*t. What is the units digit of t/6 - 3/2?
9
Let m be (8 - (-2 - -4))*-1. Let g(r) = -r - 4. Let l be g(m). Let f(n) = 3*n + 2. What is the units digit of f(l)?
8
What is the tens digit of 4/(0 - 6/(-363))?
4
Let p = -4 - -8. Suppose 0 = p*i - 6*i + 4. What is the units digit of (-79)/(-9) + i/9?
9
Suppose 3*j + j - 5*r = 1440, -2*j - r = -706. What is the tens digit of j?
5
Suppose 4*m - 2*g = -m + 228, -3*m + 124 = 2*g. What is the units digit of m?
4
Let k(f) be the second derivative of -f**5/20 + 3*f**4/4 + 2*f**3 - f**2 + 6*f. What is the units digit of k(10)?
8
Suppose 0 = -2*z + 4*z - 2. Let u be -2 + z + -2 + -13. What is the tens digit of 12*(-2)/(u/10)?
1
Let i be 37/7 + (-2)/7. Suppose i*a - a + 64 = 0. What is the units digit of 8*2/(a/(-6))?
6
Suppose 2*c = 5*m - 8, -2*m + 4*c + 10 + 6 = 0. Suppose -d - 2*d + 63 = m. What is the tens digit of d?
2
Let u = 47 + -17. Let m = -21 + u. What is the units digit of m?
9
Let c(k) = -k**2 - 15*k + 18. What is the tens digit of c(-14)?
3
Suppose 100 = 2*j + 2*j. What is the tens digit of j?
2
Let g = -7 - -57. What is the tens digit of g?
5
Let v be (-16)/(-10) + 2/5. Suppose v*o - x = o - 1, -4*x + 4 = -2*o. Suppose o = -4*i - 2*y - y + 38, -5*y - 54 = -4*i. What is the units digit of i?
1
Suppose -v = v - 4. Let n(t) = -2*t - 8. Let m be n(-7). What is the units digit of 2/m*6/v?
1
Let w(i) = 2*i - 9. Let s be w(6). Suppose -b = s*b - 220. What is the units digit of b?
5
Let d be 16/2 - 2/(-2). What is the units digit of (-345)/(-27) - (-2)/d?
3
What is the hundreds digit of 5 + (-4 - -2) - -201?
2
Let v = -9 - 11. Let x = 2 - v. What is the tens digit of x?
2
Let d(u) = u. Let z be d(4). Suppose m - z = -0*m. Let f = m - 3. What is the units digit of f?
1
Let p(u) = -u + 10. Let y(m) = -m - 5. Let d be y(-9). Let f be d/14 + 4/(-14). What is the units digit of p(f)?
0
Suppose -4*g + 3*c + 436 = 0, g + 7*c - 86 = 2*c. What is the hundreds digit of g?
1
Let f(b) = -b**2 - 4*b + 5. Let n be f(-4). Suppose 11 + 9 = n*v. What is